-9*b(y) - 2*m(y). Let v(j) = 12*j + 14. Let d(f) = -28*a(f) + 2*v(f). Determine d(9).
-36
Let k = 127 - 124. Let u be -2 - ((-2)/(-6)*9 - k). Let c(v) = 4*v + 2. What is c(u)?
-6
Suppose -2*n = 2*s - 88, -11*s + 34 = -10*s - 4*n. Let f(z) = z**2 - 40*z - 78. Determine f(s).
6
Let o be (-91)/21 + 7 + ((-16)/3)/8. Let i(p) be the second derivative of 1/2*p**o + 19*p + 1/12*p**4 - 1/20*p**5 - 1/6*p**3 + 0. Determine i(1).
0
Let o(w) = -w**2 - 16*w + 218. Let v be o(9). Let k(q) = q + 25. Calculate k(v).
18
Suppose 5*j = -4*j + 765. Let x(h) = -j + 27 + 28 + h + 29. Give x(1).
0
Let w(m) be the third derivative of m**4/8 + 17*m**3/3 - 772*m**2. Give w(-16).
-14
Let y = -130 - -127. Let t be (-70 + 67)/(y/(-2)). Let h(u) = -2*u**2 - 2*u - 3. Give h(t).
-7
Let a(u) = -u**2 - 2*u - 4. Let n(g) = -5 + 1 + 5 + 0. Suppose -y = -2*f + 5, y + 2*f = -5 + 4. Let b(z) = y*n(z) - a(z). Give b(-1).
0
Suppose -3*c - 128 = -521. Let v = 104 - c. Let f = 32 + v. Let h(r) = -2*r + 3. What is h(f)?
-7
Let l(x) = x**2 + 54*x + 195. Let s = -1998 + 1994. What is l(s)?
-5
Let g(f) be the first derivative of -1/2*f**2 + 25 + f. Determine g(4).
-3
Let f(k) = -3*k - 3. Let c be 90/60*(-8)/(-6). Suppose -2*d + q + 8 = 0, 7*d - c*d - 2*q = 21. Determine f(d).
-18
Let u = 56 - 58. Let h(c) be the second derivative of 7*c**3/6 - c**2/2 - c - 12. What is h(u)?
-15
Let d(u) be the second derivative of -u**3/3 - 4*u**2 + 31*u. Suppose -5*t = 3*i - 7, -5*i - 2*t + 4 = 24. Give d(i).
4
Let h(j) be the third derivative of -j**6/120 - j**5/30 + j**4/24 - j**3/3 - 15*j**2. Let d(y) = y + 12. Let s be d(-6). Suppose 6 = -3*r + s*r. What is h(r)?
-16
Suppose 32*z = 19*z - 858. Let j be (-88)/z - (-67)/(-3). Let k(h) = h**2 + 20*h - 16. Give k(j).
5
Let k(c) = -13*c - 2. Suppose -5*q + 25 = -o + 7, 4*q - 3 = -3*o. Let r be k(o). Let t = 38 - r. Let u(j) = -8*j**2. Determine u(t).
-8
Let q(c) = c**2 + 16*c - 42. Let h(y) = 2*y**3 + 16*y**2 + 35*y - 3. Let r be h(-3). What is q(r)?
-6
Let m be (-3)/((-51)/(-8) + (-30)/5). Let k(x) = 103*x + 829. What is k(m)?
5
Let j(x) be the third derivative of 7*x**4/24 + 167*x**2. Let r(v) = -4*v + 7*v + 5*v. Let l(q) = -3*j(q) + 2*r(q). Give l(1).
-5
Let i(g) be the first derivative of -7*g**2/2 - 88*g - 986. Determine i(-13).
3
Let t be 8/10*(2 + 3) + 41 + -43. Let u(n) be the second derivative of 34*n + 0 + t*n**2 - 2/3*n**3. Determine u(4).
-12
Let n(x) = x. Let p(g) = g**2 + 7*g - 4. Let q(s) = -5*n(s) + p(s). Let c be q(2). Let j(m) = -5*m**2 + 3*m**2 + 2*m + 3*m**2 - 6*m - 4. Determine j(c).
-4
Let l(u) be the first derivative of -u**4/4 - 3*u**3 - 11*u**2/2 - 19*u - 3042. Suppose -3*y + 3*o - 27 = 0, -2*y + 2*o - 5*o - 13 = 0. Calculate l(y).
5
Suppose 2200*b - 2093*b - 749 = 0. Let i(s) be the first derivative of -s**2/2 + 3*s + 1. Determine i(b).
-4
Let o(w) = 8*w - 28. Let n be o(4). Suppose -2*s - 16 = -n*s - 5*h, -s = -2*h + 10. Let q(f) = -9*f - 3. Calculate q(s).
15
Let m be (168/(-96))/(6/24). Let i(l) = l**2 + 6*l - 4. Determine i(m).
3
Let m = 223 - 216. Let p(w) = -17*w - m*w + 25*w. Determine p(4).
4
Let t be 20/(-6)*9/15 + 5. Let s(m) be the first derivative of -1/3*m**t + m**2 - 5 + 0*m. Calculate s(-4).
-24
Let d(q) = -11*q + 501. Let a(f) = 6*f - 224. Let z(b) = 9*a(b) + 4*d(b). Determine z(0).
-12
Let a(w) = 2*w - 3*w - 5 - 6. Let l(i) = -2*i**3 + 56*i**2 - 106*i + 43. Let r be l(26). Give a(r).
-2
Let v(w) = -6*w - 4*w**3 - 55*w**2 - 108*w**2 + 3*w**3 + 210*w**2 - 54*w**2. Let g be ((-8)/10)/((-4)/(-30)). Give v(g).
0
Let d(g) = -4*g + 28. Suppose 4*a + 10 = 5*a + m, 4*m + 9 = 3*a. What is d(a)?
0
Suppose 30 = -5*p - 5*f, p + 4 + 4 = -2*f. Let y be -3 - (-11)/(4/p). Let w be 10/y - (-46)/(-161). Let a(g) = 20*g**2 - g. Determine a(w).
21
Let x(z) = -2*z + 4 + 0*z + 4 - 8 - 2*z**2 + 5. Let h = -19 - -21. Let c be (-3)/h + 70/(-28). What is x(c)?
-19
Let c be -4 + (-488)/(-124) + (-16 - 2808/(-279)). Let d(l) = -13*l - 40. Calculate d(c).
38
Let k(b) be the second derivative of -b**4/12 - 31*b**3/6 - 157*b**2/2 + 596*b - 2. Give k(-25).
-7
Let z(o) = o**2 + o - 61. Let p(q) = -q**3 + 2*q**2 + 29*q. Let j be p(0). Give z(j).
-61
Let a(p) = p**2 - 7*p - 5. Let s(z) = -3*z + 45. Let u = 36 - 42. Let b be (-465)/(-35) - u/(-21). Let k be s(b). Determine a(k).
-11
Suppose 2*d - 8 = 4*k, -2*d - k - 2 = -6*d. Let h be (d + 9 + -22)/(-1). Let y(r) = -2*r + 10. What is y(h)?
-16
Let j = 1981 - 3955/2. Let p(y) be the first derivative of -1/3*y**3 - 6*y - 23 + j*y**2. What is p(4)?
6
Let g(n) be the third derivative of n**4/6 + 8*n**3/3 + 122*n**2. Calculate g(-8).
-16
Let i be ((2 + -3)/((-2)/4))/1. Let a be (26/(-4))/(i/(-16)*-4). Let z(s) = s + 6. Determine z(a).
-7
Let n(q) = -q**2 - 44*q + 16. Let g(h) = 3*h**2 + 106*h - 34. Let w(i) = -2*g(i) - 5*n(i). Suppose -b = u + 4*u + 12, 0 = -5*b + 2*u + 48. Give w(b).
-12
Suppose 0 = -4*z + 3*f + 19, 15*z - 17*z = -f - 11. Let n be (42/z - 8)*(1 + 7). Let k(b) = b + 9. Give k(n).
-7
Let w(t) = -10 - 6*t**2 + 14*t - 2*t**2 - 4*t**2 + 13*t + 8*t**2. Determine w(8).
-50
Let c(m) = -2*m**3 + 31*m**2 - 66*m + 12. Let a be c(2). Let n(x) = -5*x - 61. Calculate n(a).
-1
Let t(f) = -f**3 - 22*f**2 + f - 27. Suppose -3*s + 3*y - 60 = 0, -104 = 19*s - 14*s - 3*y. What is t(s)?
-49
Let a(q) = -q**3 - 45*q**2 + 255*q - 31. Let m be a(5). Let b(t) = 4*t**2 + t - 14. Let l(p) = 3*p**2 + 2*p - 14. Let i(u) = -2*b(u) + 3*l(u). Calculate i(m).
-2
Let j(q) = 11*q**3 - 10*q**2 - 38*q - 74. Let z(f) = 4*f**3 - 3*f**2 - 13*f - 28. Let k(h) = 3*j(h) - 8*z(h). Give k(7).
-19
Let s = 89 - 27. Let k = s - 55. Let g(n) = -n - 8. Give g(k).
-15
Let j(n) be the third derivative of -n**5/60 + n**4/3 - 7*n**3/6 - 1263*n**2 - 2*n + 2. Determine j(6).
5
Let o(v) = 341 - 721 - v**2 + 350 - 11*v. Give o(-7).
-2
Let n(p) = -185 + 387 - 187 - 8*p. Let q(s) = 23*s - 40. Let r(v) = 17*n(v) + 6*q(v). Determine r(-7).
1
Suppose 238 = -5*b + 263. Let u(w) = -w**3 + 6*w**2 - 20*w - 7. Calculate u(b).
-82
Suppose -5*a + 26*d = 23*d + 95, -2*a = -d + 37. Let j(c) = c**2 + 15*c - 11. Give j(a).
5
Let x(i) = 10*i - 91*i**3 + 7 + 92*i**3 - i**2 - 5*i. What is x(0)?
7
Let b(x) = 4*x**2 - 12*x + 5. Let f(h) = 3*h**2 - 11*h + 6. Let c(g) = 2*b(g) - 3*f(g). Let u be (-3)/(-5) + (-4320)/75. Let p = 65 + u. What is c(p)?
0
Let x(w) = w**3 + 6*w**2 - 12*w - 37. Let a be (-59)/8 + ((-135)/72)/(-5). What is x(a)?
-2
Let l(b) be the third derivative of -19*b**4/24 + b**3/6 + 3209*b**2. Calculate l(1).
-18
Let f(a) = 3*a - 15. Let b(o) = -o**2 - 13*o + 12. Let x be b(-13). Suppose 60 = -2*k + x*k. What is f(k)?
3
Let m(x) be the first derivative of -3*x**2 + 2*x + 2149. Let d = 0 - -1. Calculate m(d).
-4
Let x(k) = 152*k**3 - 7*k**2 - 15*k + 41. Let c(w) = -87*w**3 + 3*w**2 + 8*w - 20. Let j(h) = 7*c(h) + 4*x(h). What is j(-7)?
52
Let f(v) = -2*v**3 + v**2 + 4*v + 7. Suppose 5*t = -70 + 55. Determine f(t).
58
Suppose 5 = -k - 0, -4*n + 3*k + 19 = 0. Let x be -5 - (-4 + (2 + -6 - n)). Let s(c) = -c**2 + 3*c - 2. Calculate s(x).
-6
Let d(b) = -b**2 + b + 132. Let k be d(-11). Let i(u) = -7*u + k*u + u + 2 - 2*u + 7*u. Let o = -6 - -8. What is i(o)?
0
Let v(k) = -k**2 - 3*k - 5. Let h(s) = -s - 2. Let n be h(7). Let z(f) = f**3 + 9*f**2 + 3*f + 22. Let b be z(n). What is v(b)?
-15
Let f(q) be the second derivative of -q**7/2520 + q**6/80 - q**4/12 + 39*q**2/2 + 233*q. Let o(g) be the third derivative of f(g). Give o(11).
-22
Let u(q) = -q. Let a = -169 + 176. Let s be 530/70 + 3/a. What is u(s)?
-8
Let p(a) = -420 + 8 + 9382*a + 9450*a - 18781*a. Determine p(8).
-4
Let n(g) be the third derivative of g**6/120 + 7*g**5/30 - 13*g**4/24 + 11*g**3/6 + 2579*g**2. Calculate n(-15).
-19
Let y(a) = -14*a**2 + 98*a + 2. Suppose -4*x - 13 = 5*s - 48, 5*s = -6*x + 35. What is y(s)?
2
Let q(u) = -7*u**3 - 12*u**2 - 5. Let d(w) = 8*w**3 + 13*w**2 - 2*w + 6. Let s(f) = 6*d(f) + 7*q(f). Calculate s(-5).
36
Let q(b) = -179*b - 5*b**2 + 38*b + 6*b**2 - 170 + 28*b + 61*b. Determine q(55).
-5
Let q(y) = 5*y - 71. Let f be q(16). Suppose f = 11*r - 8*r. Let i(s) = -2 - 5*s**r + 6*s**3 + 7*s**2 - 4 + 9*s + 7. Give i(-6).
-17
Let m(r) = 2*r**3 - 44804*r**2 - 94*r + 44789*r**2 + 97*r + 7. Determine m(7).
-21
Let p(f) = f + 6. Suppose 827 = -5*y + 4*s, 378 + 455 = -5